n 17 is divided by x?
7
Suppose s - 60 = -3*s. Calculate the remainder when 26 is divided by s.
11
Suppose -4*w = j - 101, 4*j - 4*w = 202 + 102. Calculate the remainder when j is divided by 29.
23
Suppose -3*f = -2*f - 33. Suppose 2*h = -3*d + f, -2*d + 7*d - h = 55. What is the remainder when d is divided by 6?
5
Let r = 344 + -232. Calculate the remainder when r is divided by 23.
20
Let q = 50 + -28. Let z = -90 + 102. Calculate the remainder when q is divided by z.
10
Suppose p - 3*y = 2, 0*p = p - 2*y - 2. Calculate the remainder when ((-15)/(-25))/(1/5) is divided by p.
1
Let u(h) = h**3 - 2*h**2 - 2*h. Let x be 3/2*6/3. Let i be u(x). Suppose i*k = 13 + 2. What is the remainder when 13 is divided by k?
3
Suppose u - 3*u = -t + 11, 0 = 4*u + 16. Let x = 2 + t. What is the remainder when x is divided by (-6)/10 + 91/35?
1
Let l be 10 - (-2 - -3*1). Let n = l + 33. Let s = n - 30. Calculate the remainder when 22 is divided by s.
10
Let x(a) = a**2 - 13*a + 9. What is the remainder when 29 is divided by x(13)?
2
Let f = 25 + -17. What is the remainder when 21 is divided by f?
5
Suppose 0 = 3*q + o - 117, 5*o + 175 = -0*q + 5*q. Suppose a - 3*k - k - 14 = 0, 5*a + 4*k - 46 = 0. Calculate the remainder when q is divided by a.
8
Let v(p) = -p + 15. Calculate the remainder when 43 is divided by v(0).
13
Suppose -2*z + 3 = -7. Let v be 7 + -1 + (3 - 3). Suppose 0 = -2*b + 20 + v. What is the remainder when b is divided by z?
3
Let o(q) = q**3 + 7*q**2 + 7*q + 7. Let p be o(-6). Suppose -d = -p - 1. Let f = 1 + 4. What is the remainder when f is divided by d?
1
Let q = -9 + 23. Suppose -4*f + 26 = -5*r, 6*f - 4*f - 3*r - q = 0. What is the remainder when 17 is divided by f?
1
Suppose 4*m - 5*g = 93, 0 = m + 2*m + 5*g - 26. Calculate the remainder when 32 is divided by m.
15
Suppose -3*a + 22 = -2*h - 5*a, -2*h = -4*a + 52. Let c = -6 - h. What is the remainder when 58/4*4/2 is divided by c?
9
Let p = -47 + 57. Suppose -2*t - 3*w = -91, -t - 4*w = -0*t - 58. What is the remainder when t is divided by p?
8
Suppose 28 = -4*p - 32. Let z be 0 - (6 - 6/3). Let r = z - p. What is the remainder when 42 is divided by r?
9
Let k(s) = -s**3 + 16*s**2 + 9*s + 15. What is the remainder when k(16) is divided by 41?
36
Let s be 2/(5 + 1)*51. Let l = 30 - s. What is the remainder when 25 is divided by l?
12
Let n(u) = 2*u**3 - 2*u**2 - 6*u - 6. Let z be (-6)/(-3) + -5 + -1. Let a be n(z). Calculate the remainder when 4/18 - a/9 is divided by 9.
7
Calculate the remainder when (9 - (0 - 3)) + 3 is divided by 6.
3
Let o = -3 + 19. Suppose 3*j = -2*j + 20, 3*j + 165 = -3*d. Let f = 90 + d. What is the remainder when f is divided by o?
15
Let x(u) = -4*u**2 + 3*u**2 - 2 + 2*u**2 + 3*u. Let h be x(-3). Calculate the remainder when 5 is divided by 2 + -2 + 0 - h.
1
Suppose -13*d + 421 = -580. Suppose 16 = o - a - 9, -3*a = -5*o + 127. What is the remainder when d is divided by o?
25
Calculate the remainder when 167 is divided by (296/12)/2 + 12/18.
11
Let p(i) = -3*i - 2. Let y = -11 - -7. What is the remainder when 18 is divided by p(y)?
8
Suppose -4*i + 9*i = 55. What is the remainder when 20 is divided by i?
9
Suppose -5*s = -b + 24, 2*s + 6 = 3*b - 53. Suppose 4*k - 255 = -5*n, -4*n + 3*k + 148 = -87. Calculate the remainder when n is divided by b.
17
Let t = -7 - -10. What is the remainder when (-72)/t*(-4)/6 is divided by 6?
4
Suppose 2*s - 1 = 5. Suppose -f - s*f = -112. What is the remainder when 82 is divided by f?
26
Let b(q) = 3*q**2 - 4*q + 2. What is the remainder when 34 is divided by b(3)?
0
Let m(s) be the third derivative of -s**4/24 + s**3/6 - 2*s**2. What is the remainder when 20 is divided by m(-6)?
6
Let q(p) = -3*p - 2*p + 2*p + 2*p + 10. Calculate the remainder when q(0) is divided by 6.
4
Let p(m) = -3*m + 17. Calculate the remainder when p(-8) is divided by 14.
13
Let o = 2 + -1. Let u be (10/(-8))/(3/(-12)). Calculate the remainder when 4/10 + 8/u is divided by o.
0
Suppose 2*o - 1 = 5. Let v(a) = -a**3 + 5*a**2 - a - 3. What is the remainder when v(o) is divided by 7?
5
Suppose -2*v = 3*z - 4, 4*v + 0*v + 16 = 0. Calculate the remainder when 11 is divided by z.
3
Suppose -2*t + 2*z + 141 = -61, -3*t + 303 = -2*z. Calculate the remainder when t is divided by 35.
31
What is the remainder when 12 is divided by (-2 + 5 - 5) + 11?
3
Let f = -18 - -17. What is the remainder when 57 is divided by ((-9)/6)/f*10?
12
Let b be (-8 - -4)/(1/(-7)). Let z be 2/(-8) - (-511)/b. What is the remainder when 12 is divided by 3/(-3 + z/5)?
2
Let p = 749 + -369. Suppose -7*i = -r - 2*i + 80, -5*r + 5*i + p = 0. Suppose -h + 4*h = r. Calculate the remainder when h is divided by 9.
7
Suppose 170 = 5*k - 145. Let p = k + -36. Suppose -76 = -4*v - 20. What is the remainder when p is divided by v?
13
Suppose 2*b + 4 = 0, 3*v + 2*v = b + 502. Let s = 150 - v. Calculate the remainder when s is divided by 17.
16
Let j = 32 - 32. Suppose 4*v - 21 - 59 = j. What is the remainder when (-3)/(-3)*(0 + 58) is divided by v?
18
Let m = -27 + -896. Calculate the remainder when 26 is divided by (-2)/10 + m/(-65).
12
Suppose 3*l - 110 = -5*z, z - 4*z + 194 = 5*l. Calculate the remainder when l is divided by 22.
18
Suppose -356 + 1028 = 12*f. Suppose 5*n = -4*l + 91, 5*n - 15 + 76 = 4*l. Calculate the remainder when f is divided by l.
18
Suppose 0*a + 5*a + 31 = 3*w, -29 = -2*w + 5*a. Let j be (3 - w)/((-2)/(-12)). Let s(i) = i**2 - 5*i + 5. Calculate the remainder when 31 is divided by s(j).
9
Let p(w) = w**3 - 12*w**2 - 9*w + 12. Let t be p(13). Suppose 2*l + n = -4*n + 42, -5*n + t = 4*l. Calculate the remainder when l is divided by 6.
5
Suppose 2*c - p = 130, -2*c - 4*p + 75 + 45 = 0. Calculate the remainder when 255 is divided by c.
63
Suppose 9 = -a + 4*p + 19, -4*p + 30 = 3*a. Calculate the remainder when 68 is divided by a.
8
What is the remainder when 28 is divided by 18 + 5/(3 + -8)?
11
Let j(c) = -c - 5. Let x be j(-11). Calculate the remainder when x/(-15) - (-282)/5 is divided by 19.
18
Suppose -2 = 4*m - m - 5*a, 0 = m + 5*a - 6. Let t = -3 - -20. Calculate the remainder when t is divided by (m - 6)*(-6)/5.
5
What is the remainder when 1*-2*82/(-4) is divided by 14?
13
Suppose -5*u + 95 + 75 = 5*k, 160 = 5*k - 5*u. What is the remainder when 97 is divided by k?
31
Suppose 2*j + 57 = 13. Let w be j/4 + 3/(-6). Calculate the remainder when 12 is divided by ((-4)/w)/(4/42).
5
Let b(z) = -z - 1. Let w be b(-5). Suppose -4*a + w = 2*q - 104, -q + 104 = 4*a. Calculate the remainder when a is divided by 9.
7
Let p(j) = j**3 - 2*j**2 - 3*j - 4. Let z(x) = -x**3 - 5*x**2 + 6*x + 5. Let h be z(-6). Calculate the remainder when p(h) is divided by 15.
11
Suppose 5*o = w - 18 + 91, -o + 5*w = -29. Let r be 52/o - (-18)/63. Suppose c - 60 = -r*c. What is the remainder when 35 is divided by c?
11
Suppose 4 + 16 = 5*l. Calculate the remainder when 19 is divided by l.
3
Let y(j) = -j**3 + 2*j**2 - 1. What is the remainder when y(-2) is divided by 8?
7
Suppose -1010 = -9*x - 191. What is the remainder when x is divided by 31?
29
Let q be -1 - 2 - 6/(-1). Suppose j + q = 0, -4*j = d + 1 + 3. What is the remainder when 23 is divided by d?
7
Suppose -4*c + 182 = 5*y, c - 120 = -3*y + 4*c. What is the remainder when y is divided by 10?
8
Suppose 0 = -5*p + p + 16. Suppose 0 = w + 3*l - 8, -2 = 4*w - p*l - l. Calculate the remainder when 3 is divided by w.
1
Let k be 3/4 + 326/(-8). Let v be k/(-6) + (-1)/(-3). Let i(c) = c**3 - 7*c**2 + 2*c - 4. What is the remainder when 19 is divided by i(v)?
9
Suppose 1 = 5*b - 59. Let y(j) = 3*j**2 - 19*j - 7. What is the remainder when y(8) is divided by b?
9
Let p = 31 - 19. Calculate the remainder when 31 is divided by p.
7
Let p be (-1)/((8/(-10))/4). What is the remainder when 55 is divided by (-2)/p - (-144)/10?
13
Suppose -k + 60 = 3*m, -5*m + 2*m = -2*k - 51. Suppose -2*c - 4 + 16 = 0. Suppose -c*u = -3*u - 168. What is the remainder when u is divided by m?
18
Let o = 23 + 6. Let n = -8 - -16. What is the remainder when o is divided by n?
5
Let l be 6/(-9) + 10/(-3). Let z = l + 21. What is the remainder when z is divided by 9?
8
Let m = -74 - -142. Let l = 102 - m. Calculate the remainder when l is divided by (18/4)/((-6)/(-16)).
10
Suppo